v(z) = 28*z + 2. Calculate v(1).
30
Let r(f) = 9*f - 61. Give r(9).
20
Let k(l) = l + 4. Calculate k(-29).
-25
Let q(y) = y - 20. Calculate q(10).
-10
Let m(n) = -41*n + 103. What is m(3)?
-20
Let j(c) = -c**2 + 7*c + 7. What is j(4)?
19
Let s(t) = -2*t - 17. Determine s(-7).
-3
Let y(z) = -5*z**2 + 15*z - 8. Give y(4).
-28
Let r(k) = -k**3 - k + 131. What is r(0)?
131
Let b(l) = l**3 + 5*l**2 - 2*l - 3. Calculate b(-6).
-27
Let g(d) = d**2 - 13*d + 25. What is g(10)?
-5
Let g(v) = v**3 - 7*v**2 + 2*v - 12. Determine g(7).
2
Let s(j) = -j**2 + 14*j + 27. What is s(14)?
27
Let c(o) = 12*o + 12. What is c(-4)?
-36
Let l(i) = -4*i + 1. Determine l(2).
-7
Let u(v) = 16*v + 40. Determine u(-3).
-8
Let i(s) = -s**3 + 26*s**2 - 162*s + 14. Determine i(10).
-6
Let g(r) = -r**2 - 59*r - 663. What is g(-44)?
-3
Let h(t) = -t**3 + t**2 + 1. Calculate h(3).
-17
Let w(r) = -6*r - 3. Calculate w(-1).
3
Let p(x) = x**2 - 11*x - 13. What is p(14)?
29
Let v(z) = -z - 17. Calculate v(-20).
3
Let x(w) = w**2 - 18*w + 77. Calculate x(8).
-3
Let p(x) = -2*x**3 + x**2 + 6*x - 4. Determine p(2).
-4
Let q(r) = r**2 + 12*r + 35. What is q(-7)?
0
Let o(c) = -c**3 - 10*c**2 - 18*c - 19. Determine o(-8).
-3
Let c(s) = s**3 - 14*s**2 - 2. Give c(14).
-2
Let c(a) = 2*a**3 - 43*a**2 - 23*a + 16. Determine c(22).
-6
Let i(n) = -2*n - 1. What is i(3)?
-7
Let b(n) = n**3 + 10*n**2 + 2. What is b(-10)?
2
Let j(q) = q**2 - 14. Give j(0).
-14
Let k(n) = -n**3 + n + 18. Calculate k(0).
18
Let j(c) = c**2 + 13*c + 47. Give j(-9).
11
Let t(k) = -6*k - 10. Give t(-9).
44
Let k(m) = -m**2 + 5. What is k(-4)?
-11
Let d(m) = -30*m + 1. What is d(-4)?
121
Let n(x) = 110*x - 775. What is n(7)?
-5
Let f(v) = 10*v**2 + 5*v - 2. What is f(1)?
13
Let s(w) = 2*w + 39. Determine s(-9).
21
Let j(s) = -s**3 - 7*s**2 + 5*s - 2. What is j(-8)?
22
Let t(s) = 2*s**2 + 5*s - 32. Calculate t(-5).
-7
Let b(q) = q**2 - 4*q - 1. Determine b(-4).
31
Let k(s) = 2*s + 42. Calculate k(-23).
-4
Let d(s) = 3*s**3 - 1. Calculate d(2).
23
Let r(l) = -l**2 - 8*l + 92. What is r(-14)?
8
Let l(y) = y**3 + 6*y**2 + 2*y - 8. Calculate l(-5).
7
Let c(s) = s**3 - 13*s**2 - 11*s - 20. Determine c(14).
22
Let p(z) = -34*z + 45. Give p(5).
-125
Let z(p) = -p**3 - 7*p**2 + p + 2. Give z(-6).
-40
Let v(g) = 2*g**2 - 7*g. Calculate v(3).
-3
Let t(c) = -3*c - 13. Determine t(-3).
-4
Let d(q) = q - 10. Calculate d(9).
-1
Let s(u) = u**2 + 15*u + 44. Calculate s(-11).
0
Let h(d) = -8*d - 4. Calculate h(1).
-12
Let q(x) = 11*x - 22. Determine q(7).
55
Let f(t) = 3*t**2 + 7*t + 1. Determine f(-3).
7
Let x(y) = 3*y + 28. Give x(-12).
-8
Let x(z) = -z**3 + 9*z**2 + z + 6. Determine x(9).
15
Let x(v) = 10*v**2 + 2*v. Give x(1).
12
Let q(o) = -7*o - 38. Determine q(-5).
-3
Let i(c) = c**2 - 3*c + 2. Determine i(1).
0
Let b(w) = 2*w**3 - 5*w**2 + 5*w - 3. Give b(3).
21
Let k(x) = -3*x**3 - 12*x**2 - x + 7. Calculate k(-3).
-17
Let m(d) = -d**3 + 5*d**2 - d - 1. Give m(5).
-6
Let w(v) = -2*v + 4. Determine w(-12).
28
Let o(t) = -t**3 + 5*t**2 - 17. What is o(5)?
-17
Let y(q) = q**3 + q**2 + 4*q + 3. Calculate y(-2).
-9
Let o(y) = -y**3 - 4*y**2 - 9*y - 16. What is o(-5)?
54
Let q(u) = u + 9. What is q(-9)?
0
Let g(a) = -a**3 + 19*a**2 - 18*a - 5. Calculate g(18).
-5
Let n(t) = -6*t - 4. Calculate n(-4).
20
Let p(h) = -3*h**3 + 26*h**2 + 7*h + 26. Determine p(9).
8
Let m(k) = -k**3 + 2*k**2 + 2*k - 3. Determine m(3).
-6
Let l(z) = -z**3 + 9*z**2 - 20*z + 12. Determine l(7).
-30
Let z(j) = -j**2 - 15*j - 15. Calculate z(-12).
21
Let s(a) = -a - 14. Determine s(-15).
1
Let f(d) = d**3 + 3*d**2 + d. Determine f(-3).
-3
Let w(m) = 3*m**2 - 36*m + 20. Calculate w(11).
-13
Let w(s) = 44*s + 1052. What is w(-24)?
-4
Let r(w) = w**2 - 14*w - 18. What is r(15)?
-3
Let a(z) = z - 20. Calculate a(10).
-10
Let f(y) = -4*y**2 - 53*y - 54. What is f(-12)?
6
Let y(p) = -2*p + 7. Calculate y(8).
-9
Let n(b) = 11*b - 92. Determine n(11).
29
Let i(l) = l**2 - 6*l - 17. Determine i(8).
-1
Let l(p) = -4*p**2 + 19*p + 1. Calculate l(5).
-4
Let f(z) = z**3 - 4*z**2 + 2*z - 1. Calculate f(3).
-4
Let z(u) = -u**3 + 6*u**2 - 9*u + 7. Give z(3).
7
Let w(y) = y**2 + y + 1. Give w(-7).
43
Let p(i) = i**3 - 9*i**2 + 2*i + 12. Calculate p(9).
30
Let g(y) = 7*y**3 + y + 1. Give g(-1).
-7
Let q(m) = m - 2. Give q(-16).
-18
Let z(w) = 14*w**3 + 3*w**2 + 3*w. Give z(-1).
-14
Let o(v) = v**2 + 19*v - 6. What is o(-9)?
-96
Let z(q) = q**2 - 13*q - 64. Give z(16).
-16
Let z(y) = 3*y + 85. Determine z(-20).
25
Let h(y) = y**3 - 6*y**2 + 5*y + 2. Determine h(4).
-10
Let q(s) = 5*s**3 - s**2 + 3*s - 3. Give q(1).
4
Let c(y) = y**3 - 5*y**2 + y - 3. What is c(2)?
-13
Let u(s) = s**2 - 6*s + 9. Give u(6).
9
Let i(r) = -2*r**3 - 13*r**2 + 8*r + 9. Determine i(-7).
2
Let c(w) = -6*w - 10. Give c(4).
-34
Let d(j) = -j**2 + 3*j - 22. Calculate d(-5).
-62
Let b(u) = u**3 + 15*u**2 + 17*u + 19. Calculate b(-14).
-23
Let j(s) = 3*s + 24. Determine j(-4).
12
Let i(x) = -x**2 + 6*x + 10. Give i(7).
3
Let w(y) = -y**2 + 3*y. Calculate w(4).
-4
Let m(q) = -4*q - 3. What is m(-2)?
5
Let g(u) = u - 23. Determine g(10).
-13
Let k(j) = -4*j + 1. Give k(-1).
5
Let z(b) = b**2 - 7*b + 15. Determine z(6).
9
Let j(c) = 2*c**3 - 3*c**2 - 2*c + 3. Calculate j(3).
24
Let p(w) = w**3 - 2*w**2 - 1. Determine p(2).
-1
Let z(s) = s**2 - 11*s - 15. Give z(-4).
45
Let r(j) = -3*j + 85. Give r(14).
43
Let s(g) = -4*g**2 + 2*g. Give s(1).
-2
Let q(w) = w**2 - 13*w - 62. Calculate q(15).
-32
Let b(v) = v**2 - 2*v - 4. Give b(-2).
4
Let m(d) = d**3 + 29*d**2 + 25*d - 88. What is m(-28)?
-4
Let b(g) = -g**3 + 4*g**2 + 2*g + 11. Determine b(6).
-49
Let j(f) = f**3 - 10*f**2 + 9*f - 9. Give j(9).
-9
Let r(l) = -2*l - 4. Determine r(-3).
2
Let d(p) = p**3 - 4*p**2 - 4*p - 6. Give d(5).
-1
Let o(z) = 2*z**3 + 22*z**2 + 46*z. Give o(-8).
16
Let s(i) = -2*i + 22. What is s(11)?
0
Let o(t) = -t. Determine o(-4).
4
Let f(a) = 21*a**3 + 3*a**2 + 2*a + 8. Give f(-2).
-152
Let y(r) = r**2 + 8*r + 8. What is y(-7)?
1
Let p(n) = -n**3 + 8*n**2 - 11*n - 7. What is p(6)?
-1
Let b(s) = s**2 - 4*s - 7. Determine b(0).
-7
Let f(n) = -2*n - 13. Determine f(-10).
7
Let k(w) = -24*w + 11. Calculate k(1).
-13
Let f(h) = 2*h**3 + 93*h**2 + 42*h - 180. What is f(-46)?
4
Let u(d) = -d**2 + d + 2. Give u(6).
-28
Let b(p) = -4*p - 4. Calculate b(9).
-40
Let m(p) = -p**3 + 33*p**2 - p + 35. What is m(33)?
2
Let n(b) = -b - 16. Give n(-20).
4
Let n(r) = r**3 + 22*r**2 - 23*r + 2. What is n(-23)?
2
Let h(u) = -3*u + 8. Determine h(6).
-10
Let k(g) = -2*g**2 + 6*g - 6. What is k(3)?
-6
Let c(i) = -10*i**2. Determine c(-2).
-40
Let p(w) = -w**3 - 6*w**2 - 11*w - 10. Calculate p(-4).
2
Let q(m) = m**3 + 7*m**2 + 7*m + 10. Calculate q(-5).
25
Let m(g) = g**2 - 3*g - 14. Give m(6).
4
Let d(s) = s**2 - 22*s + 56. What is d(16)?
-40
Let u(p) = p - 37. Determine u(19).
-18
Let i(h) = 5*h + 3. What is i(3)?
18
Let g(a) = -3*a**2 + a. Calculate g(1).
-2
Let w(l) = -2*l**3 + 22*l**2 - 23*l + 27. Give w(10).
-3
Let w(n) = n**2 - 4*n - 4. Calculate w(6).
8
Let m(j) = -2*j + 12. Determine m(6).
0
Let z(q) = -q**2 + 4*q - 19. Determine z(12).
-115
Let p(n) = n**2 + 4*n - 3. Give p(-6).
9
Let c(k) = 6*k**2 + 4*k + 4. Calculate c(-2).
20
Let g(d) = -d**2 + 25. Calculate g(5).
0
Let y(k) = 25*k + 30. What is y(-7)?
-145
Let f(i) = -i**2 - 29*i + 34. Determine f(-30).
4
Let d(y) = 2*y + 32. Calculate d(-12).
8
Let u(v) = -v**2 - 29*v - 65. Give u(-27).
-11
Let q(b) = b**3 + 12*b**2 + 15*b - 1. Determine q(-12).
-181
Let f(a) = 16*a - 163. Determine f(9).
-19
Let z(f) = -f**2 + 13*f - 44. Calculate z(11).
-22
Let s(b) = 2*b**2 + 4*b + 7. Give s(-3).
13
Let m(q) = -4*q - 9. What is m(-5)?
11
Let l(c) = 11*c**2 - 2*c - 2. Give l(-2).
46
Let r(c) = -2*c**3 + 6*c + 1. Determine r(-2).
5
Let g(l) = 5*l + 14. Calculate g(-4).
-6
Let o(r) = -5*r + 1. Calculate o(5).
-24
Let n(q) = 17*q - 8. Give n(3).
43
Let i(o) = -o**2 - o + 3. Calculate i(2).
-3
Let x(a) = -a**3 + 6*a**2 + a - 9. Calculate x(6).
-3
Let p(i) = 6*i + 246. What is p(-40)?
6
Let g(h) = 2*h**2 - 8*h + 3. Give g(4).
3
Let u(h) = 20*h + 65. Determine u(-3).
5
Let p(g) = -2*g**2 - 156*g + 159. Calculate p(-79).
1
Let q(o) = 32*o. What is q(-1)?
-32
Let k(q) = q**3 - 7*q**2 - 22*q + 7. Calculate k(9).